15)/10)/((-1)/(-2)). Let l be s(u). Let z = l - -4. What are the prime factors of z?
2, 5
Let b(k) = k**2 + 5*k + 4. Let w be b(-4). Let p = w - -4. Suppose 2*x = -n - n + p, 0 = 3*x + n - 10. List the prime factors of x.
2
Let i = 11 - 18. Let u(f) = -12*f + 24. Let a(c) = -c + 1. Let w(x) = 15*a(x) - u(x). What are the prime factors of w(i)?
2, 3
Let x(c) = 10*c + 6. Suppose 5*y + 11 = 5*h - 14, 0 = -2*y. Let s be x(h). Suppose -s = -3*j - j. What are the prime factors of j?
2, 7
Let y(p) = p**3 - p**2 - p + 12. Let b be y(0). List the prime factors of (-9)/12 - (-273)/b.
2, 11
Let b = 9 - 9. Suppose -2*f = -b*f - 8. List the prime factors of f.
2
List the prime factors of (-2 - (-310 - 5)) + -1.
2, 3, 13
Let f(q) = -q**2 - 4*q + 1. Let y be -5 + (-2)/4*-4. Let d be f(y). Suppose -p - 2*p + d*r = -38, -2*p = -4*r - 32. List the prime factors of p.
2, 3
Suppose -3 - 1 = 4*f. Let t be (20/25)/(4/10). List the prime factors of -42*(f - t/(-3)).
2, 7
Suppose 4*o - 20 = -0*o, -5*b + 4*o = 0. Let q = b - 7. Let d = q + 12. List the prime factors of d.
3
Suppose 82 = 2*l - 4*z, 9 = -3*l - 2*z + 140. List the prime factors of l.
43
Suppose -215 = -s - 42. What are the prime factors of s?
173
Let w be -6*((-5)/3)/(-5). What are the prime factors of 32 - (w - -2)/(-1)?
2
What are the prime factors of (-485)/(-20) + (-2)/8?
2, 3
Let u(o) = -o + 30. What are the prime factors of u(5)?
5
Suppose -3 + 7 = 2*j. Suppose -49 = -j*c - 17. List the prime factors of c.
2
Suppose -6*h = -10 - 170. What are the prime factors of h?
2, 3, 5
Let v = 40 + 37. List the prime factors of v.
7, 11
Suppose 4*j - 3 = 117. Suppose -2 = 4*u - j. List the prime factors of u.
7
Let b be (-3 - (2 - 7))*1. List the prime factors of (-1)/((-2)/24) + b.
2, 7
Let k(n) = n**3 - 6*n**2 + 2*n - 9. Let m be k(6). Suppose p = -0*p, -5*i = -m*p - 65. List the prime factors of i.
13
Suppose 6*y + 10 = -o + 2*y, 3*o - y - 22 = 0. Suppose -o*q = -2*q - 40. List the prime factors of ((-6)/q)/((-2)/20).
2, 3
Let h = -8 - -11. Suppose -2*b - h*b = 0. Suppose 0*n - 2*n + 16 = b. List the prime factors of n.
2
Let s = 2 - -7. Suppose 1 = 5*l - s. List the prime factors of l.
2
Let m(a) = a**2 - a - 1. Let s be m(-2). Suppose -2*h = s*q - 3 - 2, 3*h - 10 = -5*q. List the prime factors of h.
5
Suppose -13*l + 156 = -546. What are the prime factors of l?
2, 3
Let y = -18 - -23. Suppose y*o = -64 + 314. What are the prime factors of o?
2, 5
Suppose 3*b = -3*c + 27, 2*c + b - 3*b - 38 = 0. What are the prime factors of c?
2, 7
Suppose 0 = 2*i - 0*i + 4*k - 100, 0 = -5*k + 20. List the prime factors of i.
2, 3, 7
Let f(u) = -16*u - 3. Let i be f(-2). Let y = i - -7. List the prime factors of y.
2, 3
Let n(p) be the third derivative of 17*p**4/24 - p**3/2 + 10*p**2. List the prime factors of n(3).
2, 3
Suppose 136 = 5*d - 89. List the prime factors of d.
3, 5
Let i(m) = m + 2. Suppose y - 11 = -4. What are the prime factors of i(y)?
3
Let f(q) = q**2 + 8. Let r be f(0). Suppose -5*u = -u - 48. Let h = u - r. What are the prime factors of h?
2
Suppose 0 = -5*y - 4*g - 8, 0*y = 3*y + 5*g + 10. Let z be (-3)/(-3) - (4 + y). Let t = z - -14. What are the prime factors of t?
11
Let s = -2 + 23. What are the prime factors of s?
3, 7
Let k(x) = 3*x**2 - 2*x - 3. Let s(p) = -p + 5. Let m be s(7). List the prime factors of k(m).
13
Let x = 14 - 19. What are the prime factors of 2/((10/(-4))/x)?
2
Let h(u) = -10*u**2 + 19*u + 14. Let t(l) = 7*l**2 - 13*l - 9. Let r(n) = -5*h(n) - 7*t(n). What are the prime factors of r(6)?
5
Let f(l) = 67*l**2 + l + 4. Let v be f(-3). Suppose 0 = 2*p - 5*p - h + 891, 4*h - v = -2*p. List the prime factors of (-4)/10 - p/(-40).
7
Let f be (-3)/3*3 - -10. Suppose -3*r = -2*r - f. List the prime factors of r.
7
Suppose 25 = h + s - 4, -52 = -3*h + 4*s. Suppose 2*m = -3*f + h, 2*f - m - 29 + 6 = 0. Suppose 10 + f = 5*k. List the prime factors of k.
2
Suppose s - 12 = 7. List the prime factors of s.
19
Let c(l) = 9*l + 14. What are the prime factors of c(5)?
59
List the prime factors of (-326)/(0 + 1 - 3).
163
Let b = 10 + -5. Let l = 10 - b. Suppose -l = 5*f - 5*d - 0, 0 = -2*f - 3*d + 13. List the prime factors of f.
2
What are the prime factors of (-333)/(-15) - (-3)/(-15)?
2, 11
Let p(x) = 7*x**2 - 6*x + 13. Let t(u) = 6*u**2 - 7*u + 13. Let a(o) = -5*p(o) + 6*t(o). List the prime factors of a(12).
13
Let h(x) = -3*x - 6. Let y(c) = -c**3 + 4*c**2 + 3*c + 4. Let n be y(5). What are the prime factors of h(n)?
2, 3
Let f(x) = -x - 2. Let d be f(-1). What are the prime factors of ((-14)/6)/(d/3)?
7
Suppose 4*n - u - u = 0, 0 = 4*n - 4*u + 4. Let b(r) = 11*r**2 + 2*r - 1. What are the prime factors of b(n)?
2, 3
Let p = 9 - 11. Let d(h) = -4*h**3 - 2*h**2 + h - 2. What are the prime factors of d(p)?
2, 5
Suppose -d - 79 = 5*m - 3, 0 = 4*m - 2*d + 72. Let o = m + 22. What are the prime factors of o?
2, 3
Let w(x) = 2*x. Let m be w(-3). What are the prime factors of 1 - (-3 - (1 - m))?
11
Suppose 0 = -14*f + 11*f + 120. What are the prime factors of f?
2, 5
Let z = 10 - 6. Suppose b - 3*f - f = -z, -b + 3*f = 4. Let a(i) = -i. What are the prime factors of a(b)?
2
Suppose -2*v = 3*u - 5*u - 18, 19 = 2*v - u. What are the prime factors of v?
2, 5
Suppose 54 = 2*x - 72. Suppose 0 = 2*k + 2*z - 28, 0 = -0*k + 5*k - 2*z - x. List the prime factors of k.
13
Let l = 5 + -5. Let j be 1/5*-2*-5. Suppose -j*i + 12 = -l*i. List the prime factors of i.
2, 3
Suppose -4*d = -5*d. Suppose -3*o = -d*o - 21. List the prime factors of o.
7
Let k(r) = r**3 + 3*r**2 + 2*r + 8. Let o(x) = -x**3 - 2*x**2 - 2*x - 8. Let n(g) = -4*k(g) - 3*o(g). List the prime factors of n(-6).
2
Let k(d) = -18*d. Suppose -5*u + 5 = 20. List the prime factors of k(u).
2, 3
Suppose 5*a = 5*o + 55, -4*a = o + 7 + 19. Let j = o - -64. What are the prime factors of j?
2, 5
Let a be 30/(2 - 0/2). What are the prime factors of 18/a*(-40)/(-6)?
2
Let h be 32 - (-1 - (2 + 0)). Let m = -11 + h. What are the prime factors of m?
2, 3
Suppose -5*c - 3*v = -8*v - 1145, 922 = 4*c - 2*v. What are the prime factors of c?
2, 29
Suppose 29 - 4 = 5*f. Suppose o - f + 4 = 0. What are the prime factors of (-30)/(-2) + o*-2?
13
Let w = 51 - 5. Let i = w - 30. What are the prime factors of i?
2
Suppose -22 = -5*d + 2*v, -1 = -v + 2*v. Let s be (-2)/3 + (-8)/(-12). Suppose -4*k - 5 = f - 2*f, d*k - 4 = s. What are the prime factors of f?
3
Let o(c) = -c**2 - 8*c - 5. Let m be o(-7). Let r = m + 22. What are the prime factors of r?
2, 3
Let p = 0 + -2. Let w be (p/(-6))/((-1)/(-15)). Suppose -2*b = -6*j + j + 21, -2*j - w*b = -20. What are the prime factors of j?
5
List the prime factors of (4/(-16) - (-468)/16) + 0.
29
Suppose -j = -2*j + 4*h + 201, -5*j = 3*h - 959. List the prime factors of j.
193
Let j = 14 - -3. Suppose -3*w + 28 = -j. List the prime factors of w.
3, 5
Let p(b) = b - 5. Let y be p(-5). Let d be (-4)/y + (-88)/(-5). Suppose v = -2*v + d. List the prime factors of v.
2, 3
Suppose -7*w = -272 + 34. List the prime factors of w.
2, 17
Let f = 0 + 0. Suppose 0 = g - 5 - f. Suppose 2 = g*i - 58. List the prime factors of i.
2, 3
Suppose -4*i = 4*w - 0*w - 12, -i = 5*w + 9. Let a = 2 - i. What are the prime factors of (4 - -3)*a/(-14)?
2
Suppose -2 = 2*c - 10, -5*d = -5*c + 20. Let r be 0 + (0 - -2) + 0. Suppose 3*w + r*h - 15 = -d*h, 3*h = -4*w + 19. What are the prime factors of w?
7
Let n be (12/(-9))/((-4)/(-246)). Let x be n/(-4) - 2/4. Suppose 0 = 3*u + 2*u - x. List the prime factors of u.
2
Let q be 1*2*20/(-8). Let h = -14 - q. List the prime factors of -1*(-1 + 3) - h.
7
Let v = 27 + -12. What are the prime factors of v?
3, 5
Let v be ((-17)/(-4))/(2/(-8)). Let u = v - -29. What are the prime factors of u?
2, 3
Let k(s) = -s + 1. Let i(h) = 1. Let x(f) = -i(f) + k(f). Let w be x(-5). List the prime factors of w - 3/(-3 + 0).
2, 3
Let f(u) = 4*u**2 - u + 1. List the prime factors of f(3).
2, 17
Suppose 2*o - 84 = -4*x - 10, 0 = -3*x + 3*o + 78. List the prime factors of x.
3, 7
Suppose o + 4*h = 24, -o + 5*h + 7 = -35. What are the prime factors of o?
2
Let q be ((-16)/12)/((-1)/3). Suppose -q*j = 3*s + 19, 7 = 2*j + j - 2*s. List the prime factors of j/(-3) + 55/15.
2
What are the prime factors of 199 + (-3 - (-4)/(-4))?